w**2 + 14*w - 3. Suppose -59 = -24*m + 229. Determine g(m).
21
Suppose 5*o + 56 - 181 = 0. Suppose -4*p - p = -o. Let v(c) = 2*c**3 - 6*c**2 + 6*c - 1. Let a(s) = s**3 - 1. Let n(x) = a(x) - v(x). What is n(p)?
-5
Suppose 5*l - 13 = -4*q + 15, 3*l - 2 = 5*q. Let z(d) = -d + d**3 + d - q*d + 1. Let v be ((-2)/(-6))/((-2)/(-6)). Calculate z(v).
0
Let d(y) = 2*y - 4. Suppose 12*s - 12 = 15*s, -2*o + 5*s + 28 = 0. Give d(o).
4
Let g(k) = -5*k + 8. Suppose 5*c = -4*h + 19, -c + 4 = 5. Determine g(h).
-22
Let a(o) = -2*o - 2. Let w be 2/5 - 3/(-5). Let u(q) be the first derivative of -4*q**3/3 - q**2/2 + q - 36. Let n be u(w). Give a(n).
6
Let r(k) = 14*k**2 - 21*k - 3. Let o(t) = 5*t**2 - 7*t - 1. Let n(p) = -8*o(p) + 3*r(p). Let b(z) = -z**2 + 3*z + 1. Let v(d) = -5*b(d) - 3*n(d). What is v(5)?
3
Let w(g) be the first derivative of 3*g + 3/2*g**2 + 4 + 2/3*g**3. Let a(f) be the first derivative of w(f). Give a(3).
15
Let w be ((-117)/12)/((-1)/4). Let a(i) = -16*i + w*i - 22*i. What is a(-5)?
-5
Let h = -43 + 26. Let i(b) = -2*b - 38. Let s be i(h). Let c(t) = 4*t - 3. Calculate c(s).
-19
Let z = 280 + -285. Let x(t) = -4*t - 11. Give x(z).
9
Suppose 0 = -18*z + 20*z + 5*r - 18, -2*z + 6 = 2*r. Let o(l) be the second derivative of 11*l**4/6 + l**3/3 + l**2/2 - 3*l. Determine o(z).
21
Let m be (-3 - -43)/((-6)/24). Let p be -1 + m/25 + (-2)/(-5). Let n(a) be the first derivative of -a**3/3 - 5*a**2/2 + 4*a - 1. Give n(p).
-10
Let j(i) = -i**3 + 8*i**2 - 2*i + 5. Let n be j(8). Let k = n + 18. Suppose -3*r - 2 = k. Let p(c) = 2*c - 3. Calculate p(r).
-9
Suppose 3*o = -12, -3*x - 2*o = 3*o + 11. Let y(h) = h**3 - 3*h**2 + 3*h - 2. Let w be y(x). Let m(s) = 2 - 22*s**2 - 29*s + 36*s + 21*s**2. What is m(w)?
2
Suppose -5*w - y + 21 = 0, 3*y - 5*y + 14 = 3*w. Suppose -w*a - 9 - 15 = 0. Let p(t) = -t - 1. What is p(a)?
5
Let m(v) be the third derivative of v**4/24 + v**3/3 - 11*v**2. Let d(s) = -4*s - 5. Let p(x) = -2*d(x) - 7*m(x). Give p(7).
3
Suppose -c - 4*b = -6*b + 10, -25 = 4*c - 3*b. Let r(i) = -1 + 30*i + 9 - 3 - 1 - 29*i. Determine r(c).
0
Let v(n) = -2*n**3 + n + 1. Let x(c) = -9*c**3 - 6*c**2 + 8*c + 2. Let y(s) = 4*v(s) - x(s). Determine y(-7).
-19
Let z(d) = d**3 + d**2 - 2*d - 1. Let q be (-18)/4*((-4)/6 - 4). Suppose 0*n + q = -7*n. Determine z(n).
-13
Let a(y) be the second derivative of -y**4/12 + 5*y**3/6 - y**2 - 58*y. Give a(3).
4
Let i(b) be the second derivative of b**4/12 + 5*b**3/6 - b**2 + 4*b. Suppose -20*w + 13 = -3*m - 19*w, w = -2*m - 7. Determine i(m).
-6
Let c(j) be the third derivative of -j**5/15 + j**4/12 - j**3/3 + 34*j**2. Let w(y) = y**2 - 6*y + 7. Let f be w(5). What is c(f)?
-14
Let z(m) = 4*m**2 - 2*m - 8. Let n(p) = -p**2 + 1. Let a(t) = 3*n(t) + z(t). Suppose 3*g - 4*x - 16 = 0, -2*g + 1 = -3*x - 10. What is a(g)?
3
Let w(q) = -q**3 + 7*q**2 - 6*q + 7. Let n(a) = -a**2 + 10*a - 6. Let z be n(9). Suppose 0*r - 4*r + 28 = -4*f, -15 = -z*r - 3*f. Give w(r).
7
Let h(x) be the first derivative of x**2/2 + 12*x + 5. What is h(-19)?
-7
Let i(t) be the third derivative of -1/12*t**4 + 0*t - 1/2*t**3 + 0 + 24*t**2. Calculate i(-6).
9
Let g(a) = -5*a - 1. Let s be g(-1). Suppose -4*r - s*x - 8 = 0, -2*x + 1 = 11. Let u(z) = z**2 - 3*z - 3. Determine u(r).
-3
Let b(t) be the third derivative of t**8/6720 - t**7/840 - t**6/180 - t**5/24 + t**4/2 + 7*t**2. Let r(c) be the second derivative of b(c). What is r(4)?
-5
Let p(c) = 19*c**2 + 2*c - 3. Let u be p(1). Suppose -q + 4*g = -u, 3*g + 5 + 7 = 0. Let d(s) = s**2 + 4*s - 3. Calculate d(q).
9
Let w be (2 - 2)/(5 + -6). Let b(c) = 2*c - 1 + 0*c - 3 + w*c. Let f be 2/4*(-4 - -10). Calculate b(f).
2
Let d(x) be the third derivative of 11*x**2 + 0 - 1/3*x**3 + 0*x + 1/24*x**4. Give d(-5).
-7
Let f(y) be the third derivative of y**4/24 + 5*y**3/3 + 62*y**2. Give f(-5).
5
Let x(k) = -k**3 + 6*k**2 - 5*k - 2. Suppose 120*z - 124*z + 16 = -4*p, -3*p = -3. Give x(z).
-2
Let p(j) = -j**3 + 6*j**2 - 2*j - 2. Suppose -35*n = -39*n - 84. Let v = n - -26. Give p(v).
13
Let j(c) = 1. Let k = 58 - 57. Let h(x) = -x**2 - 5*x - 2. Let z(y) = k*j(y) - h(y). Determine z(-3).
-3
Let l(b) be the second derivative of b**5/10 - 19*b**4/12 + 5*b**3/3 - 11*b**2/2 - 662*b. Give l(9).
-2
Let i = 504 + -511. Let c(s) = 2*s**2 + 10*s. Calculate c(i).
28
Let w be (-1 + 1)/(4*18/24). Suppose 5*b - 3*v - 22 = 0, w*v - 3*v = -3*b + 12. Let z(x) = x**3 - 4 - 5*x + x**2 + 0*x + 0*x**2 - 5*x**2. Give z(b).
-4
Let g(k) = k**3 + 5*k**2 + 3*k + 6. Let p be 1 + 12/4*1. Suppose 3 = -j + n - 2*n, 18 = -p*j + 2*n. Give g(j).
10
Let k(d) = -d**2 - 3*d + 2. Let m(r) = r - 4*r + 4*r + r - 13. Let s be m(5). Calculate k(s).
2
Let x(f) = 4*f**2 + f - 1. Let b(a) = -22*a**2 - 9*a + 4. Let n(u) = -b(u) - 6*x(u). Calculate n(-5).
-63
Let f(x) = -7*x**2 + 2*x**2 + 4*x + 6 - 2 + x**3. Suppose 3*k + 16 = 4*c, 12 = 5*c - 2*c - 5*k. What is f(c)?
4
Let w(h) = -6*h + 1. Let u(s) be the second derivative of -s**3/3 + s**2 + 28*s. Let b be u(2). Give w(b).
13
Let x(i) = -4*i**2 + 5*i**2 - 22 - 5*i + 19 + 15 - 2*i. Calculate x(5).
2
Let k(t) = -2*t**2 - 3*t. Suppose -3*b + 2*a + 2 = 3, 24 = 3*b + 3*a. Suppose -2*c = -0*c - 8. Suppose 4*j = f - c, -5*j - 4*f - 23 - b = 0. Determine k(j).
-2
Let y(f) = f**3 - f**2 + 7. Let s be y(0). Let j(o) = 7*o**2 - 9*o - 1. Let n(m) = -3*m**2 + 5*m. Let g(q) = -2*j(q) - 5*n(q). Determine g(s).
2
Let r(n) = -3*n - 6. Let j(k) = -46*k + 225. Let d be j(5). What is r(d)?
9
Let u(c) = 4*c**2 + 5*c + 2. Let w be (-16)/6*57/76. What is u(w)?
8
Let d(o) = 5*o + 2. Let g(j) = -j**3 + 6*j**2 - 6*j + 33. Let m be g(6). Give d(m).
-13
Suppose -5*t - 31 = 3*a, -3*t + 2*a - 1 - 10 = 0. Let b = -1 - -3. Let p(r) = -2*r**2 + 3*r**2 - b*r**2 + 5 - 6*r. What is p(t)?
10
Let i = 14 - 8. Suppose i - 4 = k. Suppose k*m + 20 = -2*m. Let s(f) = f + 7. Give s(m).
2
Let l be 50/225 + 6/(-27). Let a(n) = -2*n - 13. Give a(l).
-13
Let k(n) = -n**3 + 7*n**2 - 11*n + 12. Let t be k(6). Let r(c) = c + 16. Let p be r(0). Let u = p + t. Let o(q) = 2*q - 2. Calculate o(u).
-6
Let k = -802 - -803. Let p(z) = -6*z**3 - z**2 - z + 2. What is p(k)?
-6
Let u(k) = -k**2 + 4*k + 60. Let a be u(-6). Let s(f) = -f**2 + f + 38. Determine s(a).
38
Let o(r) be the second derivative of 1/20*r**5 + 2*r + 5/12*r**4 + r**2 + 0 - 1/6*r**3. Let s = 37 - 42. Give o(s).
7
Let o(i) = -4*i + 3. Let d be o(2). Let x(k) be the third derivative of 3*k**2 + 0 + 1/3*k**4 + 1/60*k**5 + 0*k + 7/6*k**3. Calculate x(d).
-8
Let v(m) be the third derivative of m**5/20 + m**4/24 - m**3/3 + 118*m**2. Give v(2).
12
Let s(k) be the third derivative of k**4/6 + 7*k**3/2 - 110*k**2 + 1. Determine s(-7).
-7
Suppose -4*u - 3*s = 2, -2*u + 0 = s + 2. Let m be u/(-4)*(1 - 7). Let x(p) = 2*p - 1. Let b(q) = 3*q - 2. Let i(g) = 6*b(g) - 11*x(g). Calculate i(m).
11
Let o(l) be the first derivative of -12 + 8/3*l**3 + 6*l + 1/4*l**4 + 0*l**2. Determine o(-8).
6
Let x be (34/6 - 0)/((-1)/9). Let i = -52 - x. Let l(d) = 2*d + 0*d + 0*d**2 - 2*d**2 + 1. What is l(i)?
-3
Suppose 3*c + c = -4*v - 28, 4*v + 28 = -5*c. Let i(y) = 9*y - 19*y + 12*y + 5. Let t(b) = -b - 2. Let l(w) = v*t(w) - 3*i(w). Calculate l(4).
3
Let p(q) = -q**2 + 0*q + 1 - 2*q + 4*q. Let i be p(2). Let z(n) = 1 + 3*n**3 + 0*n**3 + 1426*n - 714*n - 714*n - 4*n**3 + n**2. What is z(i)?
-1
Suppose -10*z + 14*z = -4*o + 16, -4*z - 5*o + 20 = 0. Let d(w) be the third derivative of 1/3*w**3 - 4*w**2 + 0 - 5/24*w**4 + z*w. Determine d(-2).
12
Let u(h) be the third derivative of h**5/60 - h**4/4 - 2*h**3/3 - 50*h**2 + 3*h. Calculate u(3).
-13
Suppose 19*d - 15*d + 4*f = -24, -2*d = 5*f + 6. Let x(v) = v**2 + 7*v - 3. What is x(d)?
5
Suppose 7*m + 26 = 8*m. Suppose 0 = 2*n + 3*c - 8*c + m, n = 5*c - 23. Let r(z) = z + 3. Determine r(n).
0
Let z(s) = s - 1. Let o be z(9). Let n(y) = y + 7 - y**3 - 13*y**2 + 6*y**2 + o*y + 4. Give n(-8).
3
Let l be (-1)/(-2)*0/(-14). Suppose l*f + 7*f + 21 = 0. Let b(s) = s**3 + 3*s**2 - 1. Determine b(f).
-1
Let c(r) = -r**2 - 15*r - 15. Suppose 5*u + 2*b = -57 + 9, 3*u + 32 = 2*b. Calculate c(u).
35
Let u(a) be the third derivative of -a**4/24 + 7*a**3/6 - a**2. Let h be 22/(-77) - (237/(-21) + 3). Determine u(h).
-1
Let g be 15 + 1 + 5/(5/2). Let s be g/27 - (-40)/(-6). Let b(h) b